-3). Let u = j - -6. Calculate the remainder when u is divided by 25.
24
Let h = 103 + -45. What is the remainder when h is divided by 21?
16
Let s(x) = x + 15. Calculate the remainder when 26 is divided by s(0).
11
Let y(p) = -p**3 - 9*p**2 - 8*p + 3. Let b be y(-8). Suppose 24 = 3*n + b*t, -3*n - 2*n - 3*t = -46. What is the remainder when 30 is divided by n?
8
Suppose 0 = -3*q + 34 + 92. What is the remainder when q is divided by 22?
20
Let o = -61 + 111. Calculate the remainder when o is divided by 17.
16
Let m = 39 - -11. What is the remainder when m is divided by (-6)/(-6)*(-13)/(-1)?
11
What is the remainder when 63 is divided by 17 - (-4)/(-1) - (0 - -2)?
8
Let v(t) = t**2 + 3*t - 3. Let y be v(-5). Let m be 2/6*(2 + y). Suppose -4*s - 14 = -a + m, 3*s = -4*a + 106. Calculate the remainder when a is divided by 9.
7
Let l = 7 + 45. Let d = 122 - l. Calculate the remainder when d is divided by 18.
16
Suppose -19 = -5*p + 16. Let j(z) = -z**2 + 18*z - 7. What is the remainder when j(16) is divided by p?
4
Suppose 2*v = -0*t + 4*t - 84, 26 = 2*t - 5*v. Suppose -t = -r - 4. Let s = 51 + -44. What is the remainder when r is divided by s?
5
Let d(o) = 3*o - 2. Let t be d(2). What is the remainder when 13 is divided by t/18 - 50/(-18)?
1
Let f(l) = l**2 - 6*l - 5. Let z be f(6). Let s = -87 + 130. What is the remainder when s is divided by (-4)/(-10) - 73/z?
13
Let s be (8/(-6))/(2/(-3)). Let m(t) = 3 + 5*t - s*t + 3. What is the remainder when m(5) is divided by 11?
10
Let a(h) be the second derivative of h**4/12 + h**3/3 - h**2/2 - 3*h. Let n = 29 + -17. What is the remainder when a(4) is divided by n?
11
Let s(y) = y**3 - 4*y**2 + 4*y + 5. Suppose l + 12 = -4*j, 2*j + j = -2*l - 4. What is the remainder when s(l) is divided by 8?
5
Suppose -4*h + 5*h - 2*w - 252 = 0, -1023 = -4*h + 3*w. Calculate the remainder when h is divided by 13.
11
Let b = 12 - 2. Let l = 39 + -1. What is the remainder when l is divided by b?
8
Let r = 11 + -6. Suppose r*h = -d + 19, h - 16 = 5*h. What is the remainder when d is divided by 10?
9
What is the remainder when 1 - (-262)/2*1 is divided by 35?
27
Let o(x) = -x**2 - 6*x + 2. What is the remainder when o(-5) is divided by 2?
1
Suppose s + 10 = 6*s + 4*q, -5*s = q + 5. Let c(i) = 3*i**2 + i - 3. Calculate the remainder when 18 is divided by c(s).
4
Calculate the remainder when 8 is divided by (-1)/(-1)*(2 - 14)/(-2).
2
Let k(u) = 2*u**2 + 16*u. What is the remainder when 70 is divided by k(-9)?
16
Suppose -5*y = a - 4*a + 41, 3*y = -3*a - 15. Let f = -36 - -57. Let u = f + y. Calculate the remainder when 40 is divided by u.
12
Let j = -33 - -70. Let k = -3 + 9. Let b(s) = s**3 - 5*s**2 - 4*s + 1. What is the remainder when j is divided by b(k)?
11
Let k be 2 + 1 - 0/(-2). Suppose -c + 5*c + 4*i - 32 = 0, 0 = k*c - 5*i - 40. Calculate the remainder when 39 is divided by c.
9
Let z = -8 - -11. Suppose 3*w - 127 = -4*n, 0 = 5*n - 4*w - 109 - 11. Suppose -z*v = -8 - n. What is the remainder when 22 is divided by v?
10
Let x(w) = w**3 - 5*w**2 - 2*w - 5. What is the remainder when 72 is divided by x(6)?
15
Let x(c) = 10*c - 5 - 6*c - 11*c. Let u(y) = 3*y + 2. Calculate the remainder when x(-4) is divided by u(2).
7
What is the remainder when 47 is divided by ((-12)/(-14))/(78/728)?
7
Let b = -18 + 21. Suppose -3*p = 2*p - 4*t - 225, 4*p = b*t + 179. Calculate the remainder when p is divided by 14.
13
Let a(j) = -j**3 - 6*j**2 - 2*j - 1. Calculate the remainder when 43 is divided by a(-6).
10
Let d(x) be the first derivative of -x**2 - 2*x - 2. What is the remainder when d(-2) is divided by 2?
0
Let q(d) = 17*d**2 - 12. Calculate the remainder when q(-3) is divided by 12.
9
Suppose -155 = -3*p + 2*i, -p + 20 + 35 = i. What is the remainder when p is divided by 28?
25
Let k = 64 - 44. What is the remainder when 77 is divided by k?
17
Suppose 32*h - 30*h = 46. Suppose -f + 18 = 2*f. Calculate the remainder when h is divided by f.
5
Suppose -7*c = 32 - 123. Suppose 0*j + 106 = 3*z + 2*j, -5*z + 210 = -5*j. Calculate the remainder when z is divided by c.
12
Suppose 3*m + 73 = 157. Calculate the remainder when 54 is divided by m.
26
Let v = 1 - 0. Calculate the remainder when 48 is divided by 15/v - (-2 + 0).
14
Suppose 0*g + 17 = m - 2*g, m - 11 = -g. Let b be 80/3 - (-2)/(-3). Suppose 108 = 4*r - 4*c, r - 5*c - b = 9. Calculate the remainder when r is divided by m.
12
Suppose 7*c = 5*c + 10. Calculate the remainder when c is divided by 2.
1
Let s(o) = -6*o - 16. Let i(v) = 2*v + 5. Let x(a) = 7*i(a) + 2*s(a). What is the remainder when 18 is divided by x(2)?
4
Let m(o) = -o. Let v(c) = -7. Let a(i) = -3*m(i) + v(i). What is the remainder when 29 is divided by a(5)?
5
Suppose 0 = 2*v - z, -2*v - z = -5*z + 6. Let l(w) = 19*w**3 - w**2 + 1. Calculate the remainder when l(v) is divided by 5.
4
Let s(u) = -2*u**3 + 19*u**2 + 12*u + 10. Calculate the remainder when s(10) is divided by 16.
14
Let i be (-12)/8*40/(-12). Suppose g - i*g = -160. Calculate the remainder when g is divided by 21.
19
Let q(t) = t**2 + 3*t + 4. Let s(n) = n**3 + 3*n**2 + 3*n + 3. Let m be s(-3). Let w = m - -3. Calculate the remainder when 10 is divided by q(w).
2
Suppose z = -0*z + 2. Let q(h) = h**2 - 8*h - 8. Let t be q(9). Suppose -3*g + t + 14 = 0. Calculate the remainder when g is divided by z.
1
Suppose -17*a + 18*a - 55 = 0. Calculate the remainder when a is divided by 20.
15
Suppose 0*i + 4*i = 12. Let k be (3/1)/i*5. Suppose -5*g + 3*y + 28 = -g, -20 = k*y. What is the remainder when g is divided by 2?
0
Suppose a - 2 - 6 = 0. Calculate the remainder when 21 is divided by a.
5
Let z(k) = -22*k. Let u be z(-2). Let n = -22 + 19. Let o = n + u. Calculate the remainder when o is divided by 14.
13
Calculate the remainder when 34 is divided by (-5)/(-10) - 105/(-6).
16
Let h = 20 + -15. Let z = 21 + -8. Calculate the remainder when z is divided by h.
3
Let j(x) be the second derivative of x**5/20 + 5*x**4/6 + 3*x**3/2 + 6*x**2 + x. What is the remainder when 23 is divided by j(-9)?
11
Let l(p) = p**2 + 10*p + 12. Let j be l(-8). Calculate the remainder when j/18 - (-60)/27 is divided by 2.
0
Let k(i) = 3*i - 4. What is the remainder when k(4) is divided by 3?
2
Suppose -3*z = h - 5*h - 9, 2*h = 3*z - 9. Let i = 0 - h. Suppose i = 4*p - 53 - 23. What is the remainder when 36 is divided by p?
17
Suppose -181 - 11 = -6*o. What is the remainder when o is divided by 11?
10
Suppose -5*t + 6*t - 32 = 0. Suppose 3*y - 26 = -5*j + 4*y, -y + 10 = j. Suppose 85 = j*m - m. Calculate the remainder when t is divided by m.
15
Suppose 0 = s - 4 - 0. Suppose -s*f = -36 - 92. What is the remainder when f is divided by 17?
15
Suppose 2*m - 80 = -2*m. Let b = 195 + -137. Calculate the remainder when b is divided by m.
18
Let h(q) = -q**3 + 6*q**2 - 3*q + 4. Suppose 0*l + 2*l = -2*u + 146, -4*u - 2*l = -290. Let s = u + -46. Calculate the remainder when s is divided by h(5).
12
Let s(k) = -k**2 - 7*k - 6. Let o be s(-5). Suppose n = -o*n + 5*a + 20, -n + 2*a = 0. Calculate the remainder when n is divided by 3.
2
Let r(q) = -12*q**3 - q**2 + 1. Calculate the remainder when 35 is divided by r(-1).
11
Suppose 2*h + 4*b = 24, -2*b - b - 47 = -5*h. What is the remainder when (-52)/(-3) - 4/(-6) is divided by h?
8
Let j(x) = -2*x - 1 - 2*x**2 - 2*x**3 + 4*x - 4*x. Suppose 0 = 4*a - 2*r - 26, -4*a + 28 = 2*r - 2. What is the remainder when j(-2) is divided by a?
4
Let y = -26 - -33. Calculate the remainder when 95 is divided by y.
4
Let a = 29 + -93. Let n = -30 - a. What is the remainder when n is divided by 12?
10
Suppose 2*d - 23 = 5*s, 2*s + 0*s + 6 = 0. Calculate the remainder when 1/d*-2*-66 is divided by 3/(1*(-2)/(-6)).
6
Let y(g) = -g + 15. Let b be y(10). Suppose 73 = b*z + 3. What is the remainder when z is divided by 6?
2
Suppose 3*w + 10 - 45 = -k, -3*w + 43 = -k. Calculate the remainder when 3/12 - 429/(-12) is divided by w.
10
Calculate the remainder when (-194)/3*-1*3/2 is divided by 50.
47
Suppose m - 26 + 3 = 0. Suppose 12 = 2*b - 2*l, 4*b - l - 14 = 10. Calculate the remainder when m is divided by b.
5
Suppose 5*g - 4*y = 311, -3*y + 0 = 12. Suppose -6*i = -5*i - g. Calculate the remainder when i is divided by 20.
19
Let f = 68 + -45. Let q(w) = w*